y - 13 - 31 + 4*y. Is o(-23) prime?
False
Let z be (-20)/5*(90/8)/3. Let x = 8 - z. Let h(f) = 4*f**2 - 18*f + 33. Is h(x) a composite number?
True
Suppose -109*r + 2608508 = -3688095. Is r a prime number?
False
Let p(w) be the first derivative of -w**4/4 + 20*w**3/3 - 5*w**2/2 + 9*w - 97. Is p(8) prime?
False
Suppose 5*u + 399400 = 8*v - 6*v, 0 = -4*v + u + 798746. Is v a composite number?
True
Suppose -43*o + 24*o = 141267 - 461778. Is o composite?
True
Let z be -1 + (-1 + -12969)/(-6 + 4). Suppose -1607 = -6*b + 5*b + 4*f, 4*b - 2*f = z. Is b prime?
False
Suppose -105120 = -3*g - 11*u + 10*u, u + 175192 = 5*g. Is g a prime number?
False
Is (-1024)/5632 + (462492/(-22))/(-2) prime?
False
Suppose -110287 - 69631 = -2*q - 4*m, q = -m + 89955. Is q prime?
False
Let m be 5/(3 - 2344/782). Suppose -2555 = -5*o + m. Suppose 4*b - 448 = 3*b + q, o = 2*b - 5*q. Is b composite?
True
Suppose -33*m + 2224123 + 986216 = 0. Is m a prime number?
True
Let t(u) = -u**2 + 18*u - 41. Let f be t(15). Suppose 0 = 3*r - 5*y - 15011, f*r - 5*y + 4679 - 24687 = 0. Is r prime?
False
Let k(s) = -1541*s - 278. Is k(-9) composite?
False
Let a = 210326 - 100537. Is a composite?
False
Suppose -23*y - 3*o - 49159 = -25*y, 0 = -4*y - 5*o + 98329. Is y a prime number?
False
Suppose 57*m - 174303568 + 48826681 = -84*m. Is m a composite number?
False
Let t(n) = -1025*n**3 - 5*n**2 + 26*n + 41. Is t(-6) a composite number?
True
Let j = 16059 + 3148. Is j a composite number?
False
Let d be 147/3*(-771 - 1)/4. Let i = -5384 - d. Suppose -3*s - 2*s + c = -i, -3*c + 6 = 0. Is s composite?
True
Is 2/(3 + 1)*(1170060 - 334) a composite number?
False
Let y(h) = h**3 - 5*h**2 - 9*h - 16. Let g be y(7). Let k = -23 + g. Let w(z) = -760*z - 11. Is w(k) composite?
True
Suppose 2*c + 37*m = 35*m + 2210262, 2*m = 2*c - 2210254. Is c composite?
True
Let p(t) = -t**3 + 2*t**2 + 12*t - 12. Let q be p(4). Suppose -q*f - 591 = -7*f. Suppose -4*c = -2*l + 55 - 319, 0 = -3*c + 2*l + f. Is c composite?
False
Suppose 0 = 193*s + 193*s - 7068452 - 18680450. Is s a composite number?
True
Suppose 2*n - 2 = 0, 0*n + 11 = 2*d + 5*n. Suppose 293190 = -153*h + 211*h. Suppose d*r = -0*r + h. Is r prime?
False
Suppose 0*r - 5*r + 5175 = 0. Suppose -r = -2*k + 653. Suppose 8*d = 4*d + k. Is d a composite number?
False
Let h(r) = r**3 + 5*r**2 + 7. Let p be h(-5). Let o = 3210 - 2614. Suppose 0 = p*x - 11*x + o. Is x composite?
False
Let j(b) = -2470*b + 1021. Is j(-14) prime?
False
Suppose -2*r + 8*r = 12. Suppose 5*u - 4*x - 3 = -5, -3*u + 12 = r*x. Suppose u*n + 3*p - 3940 = 0, 3*p = -4*n + p + 7888. Is n a prime number?
True
Suppose -1336884 = 39*d - 51*d. Is d prime?
False
Let n = 3765 + -3178. Is n composite?
False
Let w(x) = -3*x + 11*x - 25*x - 1 - x**3 - 10 - 17*x**2. Let f be w(-16). Suppose 0 = -f*u + 3*z + 5846, -u - z + 1186 = 4*z. Is u a composite number?
False
Is 1/((-22)/(-446970)) + (-58 - 5760/(-99)) composite?
True
Let s = 17289 - -164668. Is s a composite number?
False
Let y(r) = 6*r**2 - 3*r - 17. Let m(h) = -6*h**2 + 3*h + 17. Let b(s) = 4*m(s) + 5*y(s). Let z(d) = -184*d - 726. Let w be z(-4). Is b(w) a prime number?
False
Let a(u) = 343*u**2 + 8*u - 17. Let p be a(-13). Is p/6 - -6 - (0 - 0) a prime number?
False
Let m be (4/3)/(10/30). Suppose s - 5*f + 81 = 0, m*f = -2*s + f - 123. Is 1/(1 + s/67) a prime number?
True
Let w = 58 - 46. Let d(m) = 44*m + 3. Let z be d(w). Suppose 0 = x, -3*f + 4*x - 3*x = -z. Is f a composite number?
True
Suppose -134 = -4*f - 3*g, 5*g - 18 = -2*f + 42. Suppose 0 = -f*k + 39*k - 3596. Let r = k - -1434. Is r prime?
True
Let f(u) = 5*u**2 - 212*u - 128. Let r be f(43). Suppose 2*o + 26 = 5*b, o - b = 1 - 8. Is 573/o*(-1)/r a composite number?
False
Let q(g) = -18*g**3 - 3*g**2 + 66*g - 266. Is q(-35) composite?
True
Let r(m) = 97*m**2 - 6*m - 6. Suppose 4*h + 5*d = 5*h - 25, -4*h = -5*d - 40. Is r(h) a composite number?
False
Let y(j) = -3 + 2*j**2 + 3*j + 13*j**2 - 3*j**2 - 2*j**2. Let c be (12/168*-7)/(1/12). Is y(c) composite?
True
Suppose -55*j = 1392712 - 16297877. Is j prime?
True
Suppose 0 = 41*s - 44*s + 5*y + 2422778, -2*y = 2*s - 1615212. Is s prime?
False
Let i = -22 - -23. Let b be -12 + 16 - i/1. Suppose -2*p = b*p - 6295. Is p prime?
True
Let q be (-24 + 9)*(-2)/(-5). Let v(b) = b**3 + 6*b**2 - b + 1. Let n be v(q). Suppose n*s - 12*s + 2335 = 0. Is s a prime number?
True
Let a(q) = q**2 - 10*q + 3. Let i be a(11). Suppose i*n + 2810 = 16*n. Suppose 4*l - 2839 = n. Is l a prime number?
True
Suppose 107*g - 115*g + 897784 = 0. Is g a prime number?
True
Let f be ((-6)/(-18))/(-8*4/(-864)). Let n(z) be the second derivative of z**4/3 + 17*z**3/6 + 4*z**2 - z. Is n(f) composite?
True
Let o(x) = -87*x - 2. Suppose -24*y + 20*y - 12 = 0. Is o(y) a prime number?
False
Let k be (426/(-12) - 1)/(2/(-12)). Let o = k + -750. Is 4/8 + o/(-6) a prime number?
True
Let k = 60647 + -17116. Is k a prime number?
False
Let a be (-42)/189 + (-148)/(-18). Suppose -a*h + 1305 = -3*h. Suppose 3*v - 3*u = 369 + h, 4*u - 1059 = -5*v. Is v a composite number?
False
Suppose 5*a - 86 = 2*n, -2*n + 53 = 2*a + 13. Suppose a*o + 18796 = 22*o. Is o composite?
True
Let y = -112842 - -185093. Is y a prime number?
True
Let o(g) = 1397*g**2 - 26*g + 7 + 60*g + 30 - 31*g. Is o(-6) a prime number?
True
Is -2 + 1031/((10/(-18))/(-5)) a composite number?
False
Suppose 5*l = -2*o + 56596, -l + 129670 = 3*o + 44802. Suppose 4*b = -4*g + o, -20*g = -b - 19*g + 7066. Is b a composite number?
False
Let i be 0 + -33 - -2*(-5)/(-10). Let z = i + 32. Suppose z = m - 70 - 61. Is m a prime number?
True
Suppose 321 + 129 = 3*w. Let m be ((-24)/48)/((-1)/202). Let c = m + w. Is c composite?
False
Let f(r) = 6*r**3 - 52*r**2 + 8*r + 155. Is f(27) a composite number?
True
Let t = -147 - -150. Suppose -5*y = t*z - 10463, -13*y = 5*z - 8*y - 17445. Is z a prime number?
True
Let f = -49354 - -107567. Is f a prime number?
False
Let h be 0*((6/4)/(-1) - -1). Let n(g) = -4*g + 146 - 49 + 108. Is n(h) a composite number?
True
Let o = 5595 + -3057. Let x = 5971 - o. Is x a prime number?
True
Let i(g) = -5*g + 102. Let c be i(-16). Is c + (-7 - -1) - 7 a composite number?
True
Let t(l) = -l**2 - 64*l + 40. Let g be t(-51). Suppose -c + 324 = 5*q, 0 = 3*c - 5*q - g - 329. Is c composite?
True
Let t be (36 - 84)/(-2*(-2)/(-80)). Let w = 1679 - t. Is w a prime number?
True
Is 2/6*(-14 + 16) - (-56400)/18 a composite number?
True
Let y = 393 + -394. Is (-4874)/(6/(-5 + y) - 1) a prime number?
True
Let w(q) = 41483*q**2 - 45*q + 5. Is w(1) a prime number?
True
Let m = -23611 + 52850. Is m a composite number?
True
Suppose -5*o = 2*v - 16865, -16860 = -459*o + 454*o - v. Is o prime?
True
Suppose -2*c = -4, 2*l - c - 4*c + 2 = 0. Suppose 5*z = -2*s - 0*s + 1435, 0 = l*z - s - 1148. Is z prime?
False
Suppose -19*z + 1180147 + 1644668 = 16*z. Is z a prime number?
False
Suppose 108*s - 401987 - 746809 = 0. Is s prime?
False
Suppose -3*v + 32787 = 3*k, 4*k + 2*v + 5597 = 49311. Let u = 2439 + k. Is u a composite number?
False
Let o = -453 - -455. Is o/((-6)/(-7001)) + (-8)/12 prime?
True
Suppose 2*b + 13716 - 72 = -3*g, 0 = -2*g + 3*b - 9083. Let a = -1827 - g. Is a prime?
True
Suppose -19 = 5*y - 2*k, -2*k + 0 = -4*y - 16. Suppose 0 = 4*r + 16, 3*r = 5*m + 8 - 30. Is (y - -2) + 10 + m prime?
True
Let n = 28 + -6. Let p = 18 + n. Let q = p + -9. Is q prime?
True
Let n = -130 - -126. Is (2426*1)/(n/(-14)) a prime number?
False
Let l(n) = -39*n**3 - 2*n**2 + 31*n + 187. Is l(-6) prime?
True
Suppose 2*c + 3 = -4*y - 3, -2*y - 28 = -4*c. Suppose -c*v - 10*z + 160865 = -5*z, z + 4 = 0. Is v a composite number?
True
Let n(v) = -4*v**3 - 42*v**2 + 6*v - 17. Let l(s) = 2*s**3 - 2*s - 7. Let k be l(-2). Is n(k) a composite number?
False
Let n(d) = -d**3 + 37*d**2 - 86*d - 3. Is n(34) composite?
False
Let a = 2872218 - 1498817. Is a prime?
False
Let q(z) = -2*z**3 - 9*z**2 + 5*z - 8. Let u be q(6). Suppose 116*g = 113*g - 4041. Let p = u - g. Is p prime?
True
Let h = -492 - -441. Is 9/6*(-26690)/h a prime number?
False
Let q = -321443 - -672988. Is q prime?
False
Let g(a) = a**3 + 9*a**2 + 67*a + 374. Let q be g(-7). Suppose 0 = -y + 12 + 26. Suppose 2*h + 5*d = y + 48, 5*d - 139 = -q*h. Is h a prime number?
True
Sup